ime factors of o(-1).
71, 281
Let q(t) = 4 + 3*t**2 - 5*t - 4*t + 6*t + 4*t**3 - 3*t**3. Let d be q(-4). Suppose -2*m + d*m = -190. What are the prime factors of m?
5, 19
Let y = -249 - -284. Let p = y - -242. What are the prime factors of p?
277
Let p(f) = -f**2 + 4*f - 118. Let a be p(0). Let j = a - -213. What are the prime factors of j + ((-2)/(-13) - 8/52)?
5, 19
Suppose -1073 = -8*s - 5193. Let g = s + 1344. List the prime factors of g.
829
Let v(l) = -l**3 + 2 - 41*l - 4 - 11 + 20*l**2 + 3*l**2. Let u be v(21). What are the prime factors of -5*(43/(-5) - u/(-4))?
3, 11
Suppose 34*j + 2525 = 30*j - r, 0 = -j + r - 630. Let s = -519 - j. List the prime factors of s.
2, 7
Suppose 3*g - 4*q = -g + 3948, -2*g + 1978 = -4*q. Suppose -x = x + 5*p - g, -25 = -5*p. Suppose 5*d + d - x = 0. What are the prime factors of d?
2, 5
Suppose 18 = 6*s - 4*s. Let r(h) = 4*h**2 - 12*h + 6. Let c be r(s). Let i = -39 + c. List the prime factors of i.
3, 61
Let q be ((-4)/(-2))/(0 - -1). Suppose -i - q*n + n = -25, i + 3*n - 15 = 0. List the prime factors of (i/(-20))/((-6)/200).
2, 5
Suppose 213*r + 71648 = 229*r. What are the prime factors of r?
2, 2239
Suppose 4*m + 5*v + 76 = -186, 76 = -m + 4*v. Let a = 63 + 130. Let c = a + m. List the prime factors of c.
5
Suppose 343 = 3*x - 1787. Suppose r + 4*r - x = 0. Suppose -24 - r = -2*c. List the prime factors of c.
83
Let h(n) be the second derivative of -5*n**3/2 - 5*n**2 + n. Let m be 4/(-18) - (-61)/(-9). List the prime factors of h(m).
5, 19
Let t(b) = 159*b + 1112. List the prime factors of t(14).
2, 1669
Suppose y - 136 = 2*a - 4*y, -68 = a + y. Let q = a - -86. Suppose 3*c = 357 - q. What are the prime factors of c?
113
Let g(x) = x**3 + 17*x**2 + 11*x - 32. Let o be g(-16). Suppose 17*t - 15*t = -o. Let l = -21 - t. List the prime factors of l.
3
Suppose -9 = -o - 5*a, -3*a = o - 2*a - 5. Suppose -x = o*x - 10. Suppose 3*k - 4*c = 190, -67 = -x*k + 2*c + 57. List the prime factors of k.
2, 29
Let k(m) = 561*m - 297. What are the prime factors of k(7)?
2, 3, 5, 11
Suppose -4110 = 5*m - 11*m. Let s = m + -260. What are the prime factors of s?
5, 17
Let h(t) = -284*t - 612. What are the prime factors of h(-21)?
2, 3, 223
Suppose 0 = -27*k + 7*k + 54060. Suppose -8*m + 7449 = -k. List the prime factors of m.
3, 47
Let h(d) be the second derivative of d**4/6 - 11*d**3/6 + 11*d**2/2 + 9*d. Let p be h(13). Let a = p - 140. What are the prime factors of a?
2, 3, 11
Let m = 83042 + -58211. List the prime factors of m.
3, 31, 89
Suppose -74*y + 117*y - 69703 = 0. What are the prime factors of y?
1621
Let r(y) = -10*y**2 - 7*y + 5. Let s be r(3). Let z = -102 - s. List the prime factors of (z - -147)*2 - 4.
2, 149
Suppose -3*l + 0*l + 18 = 3*n, -4 = -n. Suppose 0 = -u - 4*j + 22, -3*u + l*j = -j - 6. What are the prime factors of u?
2, 3
Let m(u) = u**3 + 10*u**2 - 55*u + 26. Let g be m(-14). What are the prime factors of (36/(-4) + 1)/(g/(-336))?
2, 7
Let j(v) = -12748*v - 25. Let u be j(-1). Suppose -5743 - u = -14*w. What are the prime factors of w?
1319
Let q(u) = -4625*u + 1129. List the prime factors of q(-4).
3, 727
Suppose 0*q + 18 = -3*q. Let l be 2*9/q*(-10 - 1). Let k = l + -2. What are the prime factors of k?
31
Suppose 0 = b + 73 - 76. Suppose b*s - l - 916 = -225, -l = 4*s - 919. What are the prime factors of s?
2, 5, 23
Let p(g) = 3*g**3 - 83*g**2 - 27*g - 9. List the prime factors of p(31).
2, 7, 313
Suppose -58192 = -9*u + 81461. What are the prime factors of u?
59, 263
Let j = 325 - 177. Suppose 2*l = j + 148. Suppose 4*r + t = 634, 2*t - l = -r + 7*t. List the prime factors of r.
2, 79
Suppose -3649 - 9269 = -2*n. List the prime factors of n.
3, 2153
Suppose 3*f + 3*a - 24948 = 0, 0 = 2*f - 16*a + 12*a - 16668. What are the prime factors of f?
2, 3, 19, 73
Suppose -55*b + 57*b - 8 = 0. Suppose -188 = -b*f + 924. List the prime factors of f.
2, 139
Suppose -3*w + 11 = -2*v, -2*w = -0 - 2. Let k be ((-12)/10)/(-1*v/(-30)). What are the prime factors of ((-30)/k)/(4 - 1030/255)?
5, 17
Let p(c) = -c**3 - c**2 - 8*c - 3. Let r be (3 + 0)/3 + -13. Let q = 9 + r. What are the prime factors of p(q)?
3, 13
Let y(a) = a**2 + 6*a - 32. Let n be y(-9). Let w(b) = -240*b + 39. List the prime factors of w(n).
3, 7, 59
Let n(x) = x**3 - 9*x**2 + 21*x + 1. Let d be n(6). Suppose 18*o + d - 55 = 0. What are the prime factors of o?
2
Let j(i) = -2*i**3 + 106*i**2 - 5*i - 212. What are the prime factors of j(51)?
19, 523
What are the prime factors of (1/1)/(59/285383)?
7, 691
Let u(x) = 2*x**3 + 10*x**2 - 40*x + 187. List the prime factors of u(16).
3, 3433
List the prime factors of (-24 - -31 - (-2 + 2)) + 3131.
2, 3, 523
Suppose 6*n + 8 = 50. Suppose -4400 = -n*r + 59. What are the prime factors of r?
7, 13
Let o(g) = 51*g**3 - 5*g**2 + 86*g + 13. List the prime factors of o(10).
7, 41, 179
Suppose 17*n - 34 = 51. Suppose -9*u + n*a - 54 = -11*u, u + 2*a = 25. What are the prime factors of u?
17
Let m = -48 + 122. Let w = -74 + m. Suppose w = 2*t - 42 + 28. What are the prime factors of t?
7
Let w = 21650 + -1706. List the prime factors of w.
2, 3, 277
Let l = 529 + -535. List the prime factors of (-3030)/(-5) - (3 - 18/l).
2, 3, 5
Let d = -26 + -6. Let m = d + 26. Let y = m + 118. List the prime factors of y.
2, 7
Suppose 109*x - 4571560 + 354779 + 164706 = 0. List the prime factors of x.
5, 1487
Suppose 5*c + k = 714 + 481, -k - 1205 = -5*c. Suppose -4*l + 2*g + 250 = 5*g, 4*l = 2*g + c. Suppose 5*t = -11 + l. List the prime factors of t.
2, 5
Let o(c) be the third derivative of -c**6/60 + 23*c**5/20 + 23*c**4/12 + c**3/2 + 7*c**2 - 5*c. List the prime factors of o(35).
2, 97
Let q(d) = 196*d - 3. Let t be q(1). Suppose -5*i + t = -2*i - g, -232 = -4*i - 5*g. What are the prime factors of i*(-6)/(-9) - 4?
2, 19
Let d(v) = -16*v**3 - 23 + 27*v**2 + 25*v**3 + 1 - 8*v**3 - 8*v. List the prime factors of d(-27).
2, 97
Suppose 17429 = 3*i - 4*n + 165, -4*n = 20. List the prime factors of i.
2, 3, 479
Suppose 10*m - 11*m - 5 = 0, 0 = d - m - 85. What are the prime factors of ((-36)/d)/(1/156)*-15?
3, 13
Suppose 149139 + 7561 = 26*w - 131016. What are the prime factors of w?
2, 11, 503
Let y(t) = 2*t**3 + 19*t**2 + 2*t + 3. Let j be y(-9). Suppose j*z + 6 = 69*z. Suppose -z*i + 38 = u, 83 = -5*i + 3*u + 200. What are the prime factors of i?
3, 7
Suppose -5*k - 5 = 15, -4*w + 2*k + 1312 = 0. Let f = 506 - w. List the prime factors of f.
2, 3, 5
What are the prime factors of -588*(2 + 185/(-10))?
2, 3, 7, 11
Suppose 0 = -269*d + 265*d - 584. Let p be 3*-1 + (-4 - 317). Let s = d - p. What are the prime factors of s?
2, 89
Let g(w) be the first derivative of -w**4/2 + 4*w**3/3 + 3*w**2/2 + 5*w - 18. Let p be g(-3). Let t = p + 92. List the prime factors of t.
2, 89
Let f(l) = 6*l + 27. Let z be f(-4). Let b(c) = 30*c**3 - 6*c**2 - 5*c + 10. List the prime factors of b(z).
751
Let y(u) be the second derivative of 3*u**4/4 + u**3 + 5*u**2 - 58*u. List the prime factors of y(-4).
2, 5, 13
Let u(d) = d**2 - 11*d + 3. Let c be u(0). Suppose -c*x = -4*s - 1226, 2*x - 2*s - 824 = -s. List the prime factors of x.
2, 3, 23
Let u(j) = -723*j - 2406. List the prime factors of u(-83).
3, 7, 13, 211
Let z(q) be the first derivative of 49*q**2 + 7*q - 86. List the prime factors of z(2).
7, 29
List the prime factors of (0 - 1)/((12/(-37098))/((-4)/(-6))).
3, 229
Let i(n) = -n**2 + 17*n - 14. Let z be i(16). Suppose z*u - 4 = -3*h, -5*h + 9 = -u - h. Let p(o) = 40*o**2 + o + 2. What are the prime factors of p(u)?
41
Let u(k) = 144*k + 15. Let d(g) = 29*g + 3. Let m(s) = 11*d(s) - 2*u(s). List the prime factors of m(6).
3, 7
Let y(f) = -1331*f - 778. What are the prime factors of y(-2)?
2, 3, 157
Suppose -b - 5*h = -13 - 4, 4*b - 68 = 4*h. Suppose -39 = -7*y + b. Let w(n) = -3*n**2 + 43*n + 7. What are the prime factors of w(y)?
3, 53
Suppose 0 = 39*y - 34*y + 40. Let w(p) = 22*p**2 + 27*p - 5. List the prime factors of w(y).
1187
Let a = -904 - -2259. What are the prime factors of a?
5, 271
Let i(u) = -u**3 - u - 8. Let q be i(-18). Suppose -27*s - q = -73*s. List the prime factors of s.
127
Let i(y) = y**2 - 4. Let q be i(-2). Let j be (1 - 6)/((-10)/4). Suppose q = -5*x, -x + j*x + 61 = k. What are the prime factors of k?
61